st common divisor of 17135 and 37835.
115
Calculate the highest common divisor of 220 and 10842480.
220
Calculate the highest common divisor of 204063 and 1355.
271
Calculate the greatest common factor of 26973 and 5877.
9
Calculate the highest common divisor of 697 and 5207.
41
What is the highest common divisor of 3205 and 986499?
641
What is the highest common factor of 289044 and 22644?
1332
Calculate the greatest common divisor of 49504 and 56.
56
What is the greatest common divisor of 577251 and 33104?
2069
Calculate the greatest common divisor of 111 and 11026.
37
Calculate the highest common divisor of 129632 and 64.
32
Calculate the highest common divisor of 1680 and 39312.
336
What is the highest common divisor of 345 and 154974?
69
Calculate the highest common factor of 7175 and 700.
175
What is the greatest common factor of 2863 and 105113?
409
What is the greatest common factor of 6 and 579783?
3
What is the highest common factor of 84 and 68082?
42
What is the greatest common factor of 664 and 2704?
8
What is the highest common factor of 861 and 95284?
287
Calculate the highest common factor of 256 and 51.
1
What is the highest common divisor of 2026 and 10?
2
What is the greatest common divisor of 38696 and 54589?
691
Calculate the highest common divisor of 14 and 129626.
14
Calculate the highest common divisor of 361 and 477793.
19
What is the greatest common factor of 2124 and 611004?
708
Calculate the highest common divisor of 4902 and 215.
43
What is the highest common factor of 129 and 2100?
3
What is the greatest common factor of 1204 and 3071404?
1204
What is the greatest common divisor of 1353 and 10263?
33
What is the highest common factor of 90510 and 14?
14
What is the greatest common divisor of 20 and 350180?
20
Calculate the highest common factor of 12 and 2535284.
4
Calculate the highest common factor of 30069 and 8541.
117
Calculate the highest common divisor of 247 and 1781.
13
Calculate the greatest common factor of 1108 and 123265.
277
Calculate the greatest common factor of 24 and 18996.
12
Calculate the highest common factor of 7208 and 52.
4
Calculate the highest common factor of 22 and 14203838.
22
Calculate the highest common divisor of 127563 and 69.
3
What is the highest common divisor of 3654 and 2107952?
406
What is the greatest common factor of 7068 and 682?
62
Calculate the greatest common factor of 1519 and 8477.
49
What is the greatest common divisor of 144785 and 46?
23
What is the highest common factor of 396 and 27852?
132
Calculate the highest common divisor of 54 and 10476.
54
What is the greatest common factor of 23 and 50301?
23
What is the highest common divisor of 1 and 12221?
1
What is the greatest common divisor of 4865 and 234215?
695
What is the greatest common factor of 10894 and 3614?
26
Calculate the greatest common factor of 936 and 507.
39
Calculate the greatest common divisor of 54768 and 96.
48
Calculate the highest common factor of 46245 and 30.
15
Calculate the highest common divisor of 26118 and 10386.
18
What is the highest common divisor of 212 and 361778?
106
What is the highest common factor of 73070 and 90?
10
Calculate the greatest common divisor of 3292677 and 27.
27
Calculate the greatest common divisor of 2220 and 955155.
555
Calculate the greatest common divisor of 1280 and 262.
2
What is the highest common divisor of 199183 and 1227?
409
Calculate the highest common divisor of 221 and 4517461.
221
What is the highest common divisor of 5768 and 2224?
8
Calculate the greatest common factor of 13974 and 3859.
17
Calculate the highest common factor of 13 and 2813889.
13
What is the greatest common divisor of 8 and 79372?
4
Calculate the greatest common divisor of 17021 and 2.
1
What is the highest common divisor of 8100 and 2484?
108
Calculate the greatest common divisor of 62896 and 32.
16
What is the greatest common factor of 10697 and 1?
1
Calculate the highest common factor of 1129675 and 50.
25
What is the highest common divisor of 1216340 and 60?
20
What is the highest common factor of 1470 and 126?
42
What is the greatest common divisor of 2176334 and 1195?
239
What is the highest common divisor of 730355 and 1548?
43
Calculate the highest common factor of 121026 and 414.
138
Calculate the highest common divisor of 54 and 1891053.
27
What is the greatest common factor of 66 and 96261?
33
What is the greatest common factor of 176554 and 322?
14
Calculate the highest common factor of 4898 and 16906.
158
Calculate the highest common divisor of 2948 and 7810.
22
What is the highest common factor of 3459357 and 198?
99
What is the greatest common divisor of 1139 and 323409?
67
Calculate the highest common divisor of 385 and 1585.
5
What is the highest common divisor of 31762013 and 271?
271
Calculate the highest common divisor of 5870 and 4210.
10
Calculate the greatest common divisor of 164826 and 45.
9
What is the greatest common divisor of 1261824 and 1431?
159
What is the greatest common factor of 129262 and 882?
98
Calculate the highest common factor of 23217 and 233661.
213
What is the highest common divisor of 754667 and 116?
29
What is the greatest common divisor of 105 and 146565?
15
What is the highest common divisor of 165 and 87285?
165
Calculate the greatest common divisor of 344 and 307966.
86
What is the greatest common divisor of 24648 and 112632?
312
What is the greatest common divisor of 14520 and 73920?
1320
Calculate the highest common divisor of 564 and 2282414.
94
Calculate the greatest common factor of 92 and 11086.
46
Calculate the highest common divisor of 1255 and 1445.
5
Calculate the greatest common factor of 75 and 240225.
75
Calculate the greatest common divisor of 15 and 298335.
15
Calculate the highest common divisor of 1223500 and 2500.
500
What is the greatest common divisor of 24320 and 4085?
95
What is the greatest common divisor of 1221 and 3742772?
407
Calculate the greatest common divisor of 90 and 89055.
45
Calculate the highest common factor of 175 and 1825925.
25
What is the greatest common factor of 11607 and 1908?
159
Calculate the highest common divisor of 167720 and 14.
14
What is the highest common factor of 1284 and 511353?
321
What is the highest common divisor of 44 and 12452?
44
What is the highest common factor of 7168047 and 222?
111
What is the greatest common divisor of 21424 and 17304?
824
What is the highest common factor of 11985 and 615?
15
Calculate the highest common divisor of 42926 and 2.
2
What is the highest common divisor of 7 and 29687?
7
What is the greatest common factor of 639 and 702?
9
What is the highest common factor of 895 and 791717?
179
Calculate the greatest common divisor of 1042785 and 60.
15
Calculate the highest common factor of 208 and 597896.
104
What is the highest common factor of 264 and 223476?
132
What is the highest common divisor of 2740 and 7220?
20
What is the highest common divisor of 2250 and 2470750?
250
Calculate the greatest common divisor of 240 and 16752.
48
What is the greatest common factor of 264 and 30120?
24
Calculate the highest common divisor of 40768 and 663.
13
Calculate the highest common factor of 1691460 and 80.
20
What is the highest common factor of 318 and 13878?
6
Calculate the greatest common factor of 20 and 223180.
20
Calculate the highest common factor of 3710 and 910.
70
What is the greatest common factor of 39 and 3783533?
13
Calculate the highest common divisor of 99229 and 2444.
13
What is the highest common factor of 207 and 44367?
69
What is the highest common factor of 361964 and 204?
68
Calculate the highest common divisor of 17682 and 525.
21
What is the greatest common factor of 13740 and 388?
4
Calculate the highest common divisor of 365466 and 18.
6
What is the greatest common factor of 2704 and 1744?
16
What is the highest common factor of 688 and 3888?
16
What is the greatest common divisor of 4167 and 72?
9
What is the highest common factor of 460 and 17280?
20
What is the greatest common divisor of 11304 and 4608?
72
What is the greatest common factor of 31 and 5260483?
31
What is the greatest common factor of 12032 and 17152?
256
What is the highest common factor of 140052 and 2508?
132
Calculate the greatest common divisor of 